g**3 - 5*g**2 - 3*g + 3. Give u(m).
-1
Let z(l) = 3 - 2 - 523*l - 2 + 527*l. What is z(5)?
19
Let i(x) = -x + 7*x + 216 - x**2 - 215 - 2*x + 0*x**2. Let a(q) = -q**2 + 5*q - 3. Let h be a(3). Suppose t = h*t - 6. Calculate i(t).
4
Let s be (14/35)/(10/25). Let b(g) = 8*g - 1. Give b(s).
7
Let u(a) = -a**3 + a. Suppose -5 = -13*n + 8*n. Suppose 0 = 2*h + 4*c + c - n, 3*c = 2*h - 9. Suppose 0 = -2*z - 2, 5*z = h*p - 11. Calculate u(p).
-6
Let a(h) be the first derivative of -h**3/3 - 8*h**2 + 5*h + 482. Give a(-16).
5
Let y(j) = -11*j**2 - 3*j**2 + 6*j**2 + 3*j**2 - 1. Let q(f) = 2*f**2 + 2*f + 1. Suppose 5*a + 2 + 1 = 2*n, -n = 2*a + 3. Let i be q(a). Determine y(i).
-6
Let l(s) = s**3 + 4*s**2 + 4*s + 2. Let x(o) = -2*o**3 - 11*o**2 - 7*o - 4. Let y(q) = -9*l(q) - 4*x(q). Give y(6).
22
Let z(l) be the second derivative of 2*l**3/3 + 15*l**2/2 - l. Let a(n) = n + 4. Suppose 10 = -5*j - 0*j. Let t(u) = j*z(u) + 9*a(u). Calculate t(-5).
1
Let w be -3 - (-3 + -3) - (-2)/(-2). Let q(h) = -736*h - 2*h**2 + 736*h + h**w - h**3. Let p(j) = j - 2. Let m be p(2). Give q(m).
0
Let q(b) = -b**2 + 5*b + 3. Suppose -7 = 5*i + 2*s, 2 = -2*i + i - s. Suppose 0 = 8*l - 4*l - 56. Let p be (-3)/i + l + -13. Give q(p).
7
Let a be -3 - (1 - (1 + 0)). Let v be 8/(-4) + (9/3 - a). Let r(y) = 2*y**2 - 6*y + 3. Determine r(v).
11
Let z(r) = 2*r**2 - 28*r + 107. Let v be z(7). Let x(w) = -w + 5. What is x(v)?
-4
Suppose 0 = 1743*v - 1735*v - 32. Let j(g) = -g + 1 - 2 + 0. Determine j(v).
-5
Let f(i) = -i**2 - 1 - 29*i + 30*i + 4 + 7. Determine f(0).
10
Suppose 437*v - 37*v + 728 + 72 = 0. Let x(i) be the third derivative of -i**4/24 - i**3/6 - i**2. Calculate x(v).
1
Let t = -914 + 913. Let k(s) = -4*s + 5. Calculate k(t).
9
Let i(n) = n**3 - 6*n**2 + 5*n - 6. Let c be (2 + -3)*2 + 4. Let q(m) be the first derivative of m**4/4 - m**3 + 2*m**2 + m + 9. Let h be q(c). What is i(h)?
-6
Suppose 2 = p - 5. Suppose p*m = 4*m. Let z(u) = -11*u + 68. Let t(n) = 4*n - 25. Let r(o) = 8*t(o) + 3*z(o). Determine r(m).
4
Let n(a) be the first derivative of a**4/12 + 2*a**3/3 - 5*a**2/2 + 3*a + 15. Let v(u) be the first derivative of n(u). What is v(-4)?
-5
Let d(n) = -2*n + 1. Let j(b) = b**2 + 5*b + 2. Suppose -2*k - 9 = -3. Let q be j(k). Let z be 2/q - 24/16. Determine d(z).
5
Let a(b) = 96 - 6*b + b**3 - 12*b**2 + 7*b - 10*b - 3*b - 111. Determine a(13).
-2
Suppose 0 = -2*j + 8*j - 24. Let t be 0 - (28/j - 1). Let r(p) = -p**3 - 5*p**2 + 4*p + 3. Give r(t).
15
Let f(g) = g + 7. Let r(m) = -3*m**2 - 5*m + 62. Let h be r(7). Let y = 125 + h. What is f(y)?
12
Let i = 17 + -15. Let a(x) = 4*x**2 - 2*x + 2*x**3 - 5*x**2 + 7*x**i - 5*x**2. Determine a(-2).
-8
Let u(b) = -9 + b + 4 - 2*b + 4*b + b**2 + 4*b. Calculate u(-6).
-11
Let d(m) be the second derivative of m**3/6 + 3*m**2/2 - 64*m + 6. Suppose 0 = -l + 2*l - 2. Suppose l*y = -0*y. Give d(y).
3
Let h(z) be the first derivative of -4*z**3/3 - 2*z + 410. What is h(-2)?
-18
Let z(k) be the first derivative of 8*k**3/3 - 4*k + 344. What is z(2)?
28
Let n(k) = -k**3 + 3*k**2 - k + 3. Suppose 9*h - 43 + 16 = 0. What is n(h)?
0
Suppose -4*s + 6*s - 10 = -3*a, 4*s - 20 = -3*a. Suppose 4*o = 8, 4*i + s*o = i + 10. Let p(h) = 5 - 1 - 2 + 2 + h - h**3. Calculate p(i).
4
Let c(z) = z**2 - z - 5. Suppose r - 5 = 3*t, -5*t = 5*r + 149 - 114. Calculate c(r).
15
Let g(u) = -6*u - 9. Let a(s) = 7*s + 10. Let t(p) = 5*a(p) + 6*g(p). Let h be ((-20)/7)/(18/63). Let l be 34/h + (-7)/(-140)*8. Give t(l).
-1
Let a = 15 - 13. Let c(t) = -2 - 1 + a*t - 5*t**2 - 2*t - t + t**3. Suppose 0*k = -2*k + 10. Give c(k).
-8
Let q(i) = 6 - 5*i**2 + 3*i + 2*i**2 - 2*i + 4*i**2. Let b(o) = -o - 3. Let k be b(-3). Calculate q(k).
6
Let a(m) = -7*m**3 + m + 1. Suppose 5*c = 4*u - 13, -4*u + u - 2*c = -4. Let b = 3 + u. Let h = b - 6. Calculate a(h).
7
Suppose -5*k - 33 = -3*q, 3*q - 2*k + 12 = 6*q. Let v(x) be the second derivative of 0 + 2*x + x**3 - 7/12*x**4 - 5/2*x**2 + 1/20*x**5. What is v(q)?
-5
Let b(n) = 0*n - 5688*n**2 + 5687*n**2 + 2*n - 1. Determine b(0).
-1
Let z(h) be the third derivative of -h**6/120 + h**5/60 + h**4/8 + 2*h**3/3 + 83*h**2 + h. What is z(-2)?
10
Let f(h) = h**3 - 3*h**2 - h + 4. Let n(b) = 1 - 6*b**2 + b - 2*b**3 + 4*b**2 + 3*b**2. Let w be n(-1). What is f(w)?
1
Let k(d) = d**3 - 5*d**2 + d + 2. Let b be 3/((-6)/(-44)) + 4. Suppose 24 = j - 0*j. Let x = b - j. Give k(x).
-8
Let i(y) = -48 + 26 + y + 24. Let u be (-14)/(-10)*(5 - 0). Give i(u).
9
Let k(z) be the second derivative of z**3/3 - 259*z. Give k(0).
0
Let c be (-5 + 1)*105/(-84). Let i(a) = -3*a + 14. Calculate i(c).
-1
Let m(u) = -u**2 + 4*u + 2. Suppose -10 = -3*s - 5*r, -2*s + 4 = -2*r - 8. Determine m(s).
-3
Let i be ((-16)/(-40))/(2/10). Let j(m) = -2*m - 154 + 156 + i*m - m. Calculate j(3).
-1
Let z(x) be the third derivative of -x**6/120 - x**4/24 + 2*x**3/3 - 4*x**2. Let r be z(0). Let o(u) = -3*u + 2*u**2 + u**2 + 4*u + r*u**2. Determine o(-1).
6
Let i(q) = -q**3 + 11*q**2 + q - 11. Let l be i(11). Let s(m) be the second derivative of -m**5/20 + m**4/12 - m**3/6 + 5*m**2 + 2*m. What is s(l)?
10
Let k(f) = f - 1. Let r(u) = -5*u - 8. Let s = 3 + -4. Let p(d) = s*r(d) - 4*k(d). What is p(-6)?
6
Let u(n) = 101 + n - 38 - 58. Suppose 0*f - 2*f + 3*r + 9 = 0, 15 = -3*r. Calculate u(f).
2
Let b(p) be the second derivative of p**3/3 + 7*p**2/2 - 2*p + 6. Give b(-10).
-13
Let z(k) = -k**2 - 7*k - 2. Let o(c) = -5*c**2 - 35*c - 11. Let v(b) = -2*o(b) + 11*z(b). Let p = -14 + 11. Calculate v(p).
12
Let w(n) = -31*n - 502. Let m be w(-16). Let r(d) = -d**3 - 5*d**2 + 7*d + 7. Calculate r(m).
1
Let k(r) = -r - 7. Suppose -u - 134 = -3*u. Suppose -5*f - u = 3. Let i(s) = s + 14. Let g be i(f). Calculate k(g).
-7
Let b(n) be the third derivative of n**6/120 + 11*n**5/60 + n**4/8 + 2*n**2 - 404*n. What is b(-11)?
-33
Let p(o) = -o**2 - 9*o - 3. Suppose 0 = 4*n - 2*d + 158, -3*n - d = 3*d + 102. Let y = n - -29. What is p(y)?
-3
Let f(b) = -7 - 7*b + 17 - 37*b**2 + 43*b**2 + b**3. Calculate f(-7).
10
Let o(j) = j**2 - 5*j - 6. Let w be o(10). Let d(x) = 0*x**3 - w - x**3 + 50 - 8*x**2 - 7*x. Give d(-7).
6
Let i(c) = 2*c + 2*c**2 - c**2 - 6 + 7*c + 15. Suppose -5*f + 0*z - 35 = -2*z, -4*z = -3*f - 21. Give i(f).
-5
Let x(f) = -14*f - 8*f + 8 + 35*f - 9*f - 3*f. Let g(q) = -3*q**3 - q**2. Let m be g(1). Give x(m).
4
Let c = -44 - -45. Suppose -3*p = 12, 0*p = 5*m - p - 9. Let a(f) = 0*f + f - f + 3*f + m. What is a(c)?
4
Suppose 0 = -0*g + 3*g - 306. Let f(k) = 99*k**2 - k**3 - g*k**2 + 2 - 2 - k. Determine f(-2).
-2
Let q(m) = m**3 - 8*m**2 - 6. Suppose -5*w - w + 48 = 0. Suppose x = w*x - 56. Calculate q(x).
-6
Let z be 416/65 + 6/10. Suppose 2*r - z = 3*j - 9, -5*j = 4*r + 26. Let c(w) = 23*w + 11. Let h(k) = 8*k + 4. Let o(g) = -6*c(g) + 17*h(g). Calculate o(j).
6
Let y(o) = -o**3 - 4*o**2 + 4*o + 2. Let i(q) = -q**3 + 7*q**2 - q - 4. Let t be i(3). Let v = t + -33. Determine y(v).
-14
Let q(v) = v**2 - 4*v. Let r(n) = 19*n + 21. Let s be r(-1). Determine q(s).
-4
Let a = 219 + -216. Let c(u) be the second derivative of -1/2*u**2 + 0 + 1/12*u**4 + 1/6*u**a + 6*u. Give c(2).
5
Let l be 9 - ((1 - 1) + 4). Let n(p) = -2*p - 9. Let i be n(-7). Let y = l - i. Let v(m) = -m**3 + m**2 - 6. Calculate v(y).
-6
Suppose 0 = 5*c - a - 34, 0*c - c = a - 8. Let p be (c/((-21)/6))/(-1). Let z(o) = 2*o**p + o**3 + 3*o**2 - 2*o**3 - 3*o + 2. What is z(3)?
11
Let v be (-12)/(-5) - 6/15. Suppose q - v*z = 4, q + 4*z + z = -3. Let o be q + 4 - 4 - -1. Let n(a) = a**3 - a**2 - 4*a + 1. What is n(o)?
7
Let x(u) be the first derivative of 5 - 1/6*u**3 - 1/2*u**2 + u. Let b(d) be the first derivative of x(d). Determine b(7).
-8
Suppose -k - 16 = 4*m + 14, 0 = 5*m - 3*k + 46. Let w = m + 10. Let c(v) = -3 + v + 0*v - 4*v + v - w*v**2. What is c(-2)?
-7
Suppose -4*g - 2*i + 4*i = -2, 0 = g + 2*i + 2. Suppose 15 = -3*o - g*o. Let d(w) be the first derivative of -w**2 - 4*w - 1. Calculate d(o).
6
Let l = 395 + -412. Let o(d) = -2*d - 35. Determine o(l).
-1
Let i(j) be the first derivative of j**4 - 2*j**3/3 - 2*j**2 - 2*j - 60. Determine i(-2).
-34
Let j(p) = p**2 - 5*p + 66. Let q(m) = -2*m**2 + 11*m - 139. Let u(x) = 9*j(x) + 4*q(x). What is u(0)?
38
Let h(z) = -z**2 + 6*z - 3. Let j(n) = 2*n - 2. Le